{"id":9743,"date":"2026-01-11T17:46:26","date_gmt":"2026-01-11T17:46:26","guid":{"rendered":"https:\/\/cartidecopii.ro\/?post_type=product&#038;p=9743"},"modified":"2026-01-11T17:51:16","modified_gmt":"2026-01-11T17:51:16","slug":"plansa-harta-lumii-fizica-harta-lumii-politica","status":"publish","type":"product","link":"https:\/\/cartidecopii.ro\/index.php\/produs\/plansa-harta-lumii-fizica-harta-lumii-politica\/","title":{"rendered":"PLAN\u0218\u0102 HARTA LUMII FIZIC\u0102. HARTA LUMII POLITIC\u0102 A4"},"content":{"rendered":"<p>PLANSA CARTON PLASTIFIAT A4 FA\u021a\u0102-VERSO CONTINE: HARTA FIZIC\u0102 A LUMII HARTA POLITIC\u0102 A LUMII<\/p>\n<p>HAR\u021aILE SUNT DE UN REAL AJUTOR PENTRU ELEVI LA CLAS\u0102.<\/p>\n","protected":false},"excerpt":{"rendered":"<p>Se adreseaza elevilor de gimnaziu si liceu.<\/p>\n","protected":false},"featured_media":9745,"comment_status":"open","ping_status":"closed","template":"","meta":[],"product_cat":[71,73],"product_tag":[178,179,176],"class_list":{"0":"post-9743","1":"product","2":"type-product","3":"status-publish","4":"has-post-thumbnail","6":"product_cat-clase-gimnaziale","7":"product_cat-geografie","8":"product_tag-geografie","9":"product_tag-hartalumii","10":"product_tag-harti","12":"first","13":"instock","14":"sale","15":"shipping-taxable","16":"purchasable","17":"product-type-simple"},"jetpack_sharing_enabled":true,"_links":{"self":[{"href":"https:\/\/cartidecopii.ro\/index.php\/wp-json\/wp\/v2\/product\/9743","targetHints":{"allow":["GET"]}}],"collection":[{"href":"https:\/\/cartidecopii.ro\/index.php\/wp-json\/wp\/v2\/product"}],"about":[{"href":"https:\/\/cartidecopii.ro\/index.php\/wp-json\/wp\/v2\/types\/product"}],"replies":[{"embeddable":true,"href":"https:\/\/cartidecopii.ro\/index.php\/wp-json\/wp\/v2\/comments?post=9743"}],"wp:featuredmedia":[{"embeddable":true,"href":"https:\/\/cartidecopii.ro\/index.php\/wp-json\/wp\/v2\/media\/9745"}],"wp:attachment":[{"href":"https:\/\/cartidecopii.ro\/index.php\/wp-json\/wp\/v2\/media?parent=9743"}],"wp:term":[{"taxonomy":"product_cat","embeddable":true,"href":"https:\/\/cartidecopii.ro\/index.php\/wp-json\/wp\/v2\/product_cat?post=9743"},{"taxonomy":"product_tag","embeddable":true,"href":"https:\/\/cartidecopii.ro\/index.php\/wp-json\/wp\/v2\/product_tag?post=9743"}],"curies":[{"name":"wp","href":"https:\/\/api.w.org\/{rel}","templated":true}]}}